nd 217.
31
What is the greatest common divisor of 30 and 40?
10
What is the highest common factor of 65 and 6565?
65
What is the highest common divisor of 113 and 3503?
113
What is the highest common factor of 286 and 52?
26
Calculate the highest common factor of 527 and 17.
17
What is the highest common divisor of 19 and 209?
19
Calculate the greatest common divisor of 22 and 19470.
22
Calculate the greatest common divisor of 34 and 119.
17
What is the greatest common divisor of 48 and 54?
6
What is the greatest common factor of 28980 and 126?
126
Calculate the greatest common divisor of 36 and 306.
18
Calculate the highest common factor of 8 and 20392.
8
What is the highest common divisor of 7 and 1470?
7
What is the greatest common divisor of 15883 and 14?
7
What is the highest common factor of 20 and 410?
10
What is the highest common divisor of 12 and 53148?
12
Calculate the highest common factor of 48 and 3888.
48
What is the highest common divisor of 8 and 2088?
8
What is the highest common divisor of 468 and 21684?
156
What is the highest common factor of 70 and 10?
10
Calculate the highest common factor of 533 and 13.
13
Calculate the highest common factor of 42 and 54.
6
Calculate the greatest common factor of 339 and 18419.
113
Calculate the greatest common divisor of 44 and 3124.
44
Calculate the greatest common factor of 2806 and 366.
122
What is the greatest common divisor of 25 and 230?
5
Calculate the highest common divisor of 88 and 208.
8
What is the highest common factor of 1130 and 339?
113
Calculate the highest common divisor of 143 and 5126.
11
What is the highest common factor of 75 and 165?
15
Calculate the highest common factor of 5 and 10.
5
What is the highest common factor of 7 and 2548?
7
Calculate the greatest common factor of 576 and 27.
9
What is the greatest common divisor of 15 and 295?
5
What is the greatest common factor of 87 and 5771?
29
What is the greatest common factor of 12 and 9?
3
Calculate the greatest common factor of 20 and 25540.
20
Calculate the greatest common factor of 25289 and 57.
19
What is the highest common factor of 10106 and 124?
62
What is the highest common divisor of 246 and 328?
82
What is the greatest common factor of 918 and 8874?
306
Calculate the highest common factor of 2082 and 42.
6
What is the highest common divisor of 231 and 42?
21
Calculate the greatest common factor of 210 and 44730.
210
What is the highest common factor of 17 and 2?
1
What is the greatest common divisor of 552 and 968?
8
What is the highest common divisor of 279 and 31?
31
Calculate the highest common divisor of 754 and 87.
29
Calculate the highest common divisor of 65 and 1729.
13
Calculate the highest common factor of 1053 and 2187.
81
What is the greatest common divisor of 1582 and 42?
14
What is the highest common factor of 230 and 145?
5
What is the highest common divisor of 1363 and 29?
29
Calculate the highest common factor of 68 and 3927.
17
What is the greatest common factor of 18 and 1233?
9
What is the highest common divisor of 20 and 176?
4
Calculate the greatest common factor of 5256 and 144.
72
Calculate the highest common divisor of 108 and 8802.
54
What is the greatest common divisor of 28 and 210?
14
What is the highest common divisor of 212 and 954?
106
Calculate the greatest common divisor of 38 and 418.
38
What is the highest common factor of 68 and 187?
17
Calculate the highest common factor of 24924 and 186.
186
Calculate the highest common divisor of 119 and 102.
17
Calculate the greatest common factor of 7 and 3164.
7
What is the greatest common divisor of 28 and 476?
28
Calculate the highest common divisor of 204 and 170.
34
What is the highest common divisor of 2197 and 39?
13
Calculate the greatest common factor of 1007 and 209.
19
What is the highest common factor of 1856 and 58?
58
What is the greatest common factor of 36 and 90?
18
Calculate the greatest common factor of 196 and 1204.
28
Calculate the highest common divisor of 357 and 63.
21
Calculate the greatest common factor of 36 and 531.
9
Calculate the highest common factor of 8106 and 28.
14
Calculate the highest common divisor of 250 and 150.
50
What is the highest common divisor of 45 and 1105?
5
Calculate the highest common divisor of 96 and 180.
12
What is the highest common factor of 435 and 580?
145
Calculate the highest common factor of 467 and 82192.
467
Calculate the greatest common divisor of 3344 and 55.
11
Calculate the highest common factor of 580 and 10.
10
What is the highest common divisor of 38 and 28975?
19
Calculate the greatest common divisor of 10 and 4.
2
Calculate the highest common factor of 237 and 1817.
79
Calculate the highest common divisor of 504 and 826.
14
Calculate the highest common factor of 16 and 176.
16
What is the highest common factor of 468 and 60?
12
Calculate the highest common factor of 18 and 198.
18
Calculate the highest common divisor of 459 and 3111.
51
What is the greatest common divisor of 18 and 144?
18
What is the highest common divisor of 826 and 14?
14
Calculate the greatest common divisor of 164 and 533.
41
What is the greatest common factor of 184 and 56?
8
Calculate the highest common factor of 24 and 7596.
12
What is the greatest common divisor of 85 and 340?
85
What is the highest common divisor of 2340 and 660?
60
What is the highest common factor of 2144 and 2278?
134
Calculate the greatest common factor of 434 and 42.
14
Calculate the greatest common divisor of 9 and 531.
9
What is the greatest common factor of 5004 and 36?
36
Calculate the highest common divisor of 188 and 658.
94
What is the greatest common divisor of 453 and 4832?
151
Calculate the greatest common divisor of 363 and 22.
11
Calculate the greatest common divisor of 218 and 38.
2
Calculate the greatest common divisor of 704 and 792.
88
What is the highest common divisor of 165 and 8965?
55
Calculate the greatest common factor of 952 and 28.
28
Calculate the greatest common factor of 2300 and 138.
46
What is the highest common factor of 14 and 350?
14
Calculate the highest common divisor of 6448 and 372.
124
Calculate the highest common factor of 10231 and 65.
13
Calculate the highest common factor of 1065 and 15.
15
Calculate the highest common factor of 70 and 175.
35
What is the greatest common factor of 20 and 12930?
10
Calculate the greatest common factor of 45426 and 402.
402
What is the greatest common divisor of 350 and 5530?
70
Calculate the highest common divisor of 76 and 5282.
38
What is the highest common divisor of 72 and 162?
18
What is the greatest common divisor of 217 and 62?
31
Calculate the highest common divisor of 61566 and 93.
93
Calculate the highest common divisor of 178 and 3649.
89
Calculate the highest common factor of 1017 and 113.
113
What is the greatest common factor of 7392 and 726?
66
Calculate the greatest common factor of 40 and 148.
4
What is the greatest common factor of 14 and 4102?
14
Calculate the highest common divisor of 18 and 522.
18
Calculate the greatest common factor of 459 and 27.
27
Calculate the highest common divisor of 22685 and 65.
65
Calculate the highest common factor of 35 and 1.
1
Calculate the highest common divisor of 76 and 14516.
76
What is the greatest common factor of 3108 and 12?
12
Calculate the greatest common factor of 1786 and 114.
38
What is the greatest common divisor of 75 and 50?
25
Calculate the greatest common divisor of 18 and 846.
18
Calculate the greatest common factor of 28 and 728.
28
What is the greatest common divisor of 18 and 9?
9
What is the highest common divisor of 5 and 1880?
5
What is the greatest common divisor of 228 and 57?
57
Calculate the highest common factor of 23 and 667.
23
Calculate the greatest common factor of 23 and 299.
23
What is the greatest common divisor of 2772 and 312?
12
Calculate the greatest common factor of 400 and 350.
50
What is the highest common divisor of 128 and 96?
32
What is the greatest common factor of 22 and 297?
11
Calculate the highest common divisor of 55 and 25.
5
What is the highest common divisor of 34 and 23834?
34
What is the greatest common factor of 5 and 295?
5
What is the greatest common divisor of 270 and 2268?
54
Calculate the highest common factor of